f 78788009?
78788009
What are the prime factors of 151802424?
2, 3, 317, 739
What are the prime factors of 1638977336?
2, 43, 4764469
What are the prime factors of 24779478?
2, 3, 31, 127, 1049
What are the prime factors of 75647717?
75647717
What are the prime factors of 8373899700?
2, 3, 5, 9304333
List the prime factors of 337958009.
89, 3797281
What are the prime factors of 293690597?
293690597
What are the prime factors of 895960615?
5, 11, 113, 144161
List the prime factors of 48830672.
2, 11, 41, 67, 101
List the prime factors of 7898173313.
163, 173, 1619
What are the prime factors of 4882972426?
2, 20747, 117679
What are the prime factors of 436152473?
23, 2543, 7457
List the prime factors of 149713867.
773, 193679
What are the prime factors of 204023148?
2, 3, 7, 109, 22283
What are the prime factors of 3634349016?
2, 3, 419, 361411
List the prime factors of 2658000571.
7547, 352193
What are the prime factors of 18882736?
2, 1180171
What are the prime factors of 70668570?
2, 3, 5, 7, 487, 691
What are the prime factors of 1950258632?
2, 7, 17, 523, 3917
What are the prime factors of 114734017?
114734017
List the prime factors of 539472409.
7, 67, 73, 2251
List the prime factors of 488914243.
23, 21257141
List the prime factors of 94892713.
94892713
What are the prime factors of 269979761?
1289, 209449
What are the prime factors of 545826636?
2, 3, 15161851
List the prime factors of 186998097.
3, 11, 13, 435893
List the prime factors of 158974739.
7, 11, 467, 4421
List the prime factors of 1569713564.
2, 17, 23084023
What are the prime factors of 33631575?
3, 5, 448421
What are the prime factors of 628162935?
3, 5, 101, 414629
List the prime factors of 2226819053.
2226819053
What are the prime factors of 558132545?
5, 111626509
List the prime factors of 185276386.
2, 92638193
What are the prime factors of 32421921?
3, 7, 251, 6151
What are the prime factors of 2398803?
3, 11, 157, 463
List the prime factors of 39209984.
2, 11, 59
List the prime factors of 319103580.
2, 3, 5, 67, 79379
List the prime factors of 54554156.
2, 17, 103, 7789
What are the prime factors of 1896735051?
3, 109, 1933471
List the prime factors of 370534328.
2, 2087, 22193
What are the prime factors of 368499639?
3, 1873, 65581
What are the prime factors of 2774064934?
2, 43, 79, 408311
What are the prime factors of 72149916?
2, 3, 19, 71, 4457
List the prime factors of 479017159.
23, 1657, 12569
What are the prime factors of 410935656?
2, 3, 67, 83, 3079
What are the prime factors of 136654177?
11, 17, 29, 113, 223
What are the prime factors of 48290849?
43, 389, 2887
What are the prime factors of 5966119434?
2, 3, 11, 17, 19, 279863
List the prime factors of 2820698661.
3, 11, 85475717
List the prime factors of 30767027.
103, 298709
List the prime factors of 26058704.
2, 7, 29, 71, 113
List the prime factors of 2630417860.
2, 5, 7, 18788699
List the prime factors of 52916116.
2, 11, 223, 5393
List the prime factors of 43696471.
7, 13, 43, 859
What are the prime factors of 1951562963?
7, 278794709
List the prime factors of 620816589.
3, 22993207
What are the prime factors of 310014563?
43, 7209641
List the prime factors of 101305178.
2, 13, 29, 41, 113
What are the prime factors of 148011613?
857, 172709
What are the prime factors of 253783882?
2, 11, 11535631
What are the prime factors of 271021134?
2, 3, 45170189
List the prime factors of 1399490283.
3, 47, 2347, 4229
What are the prime factors of 2118381253?
59, 5309, 6763
What are the prime factors of 154481595?
3, 5, 10298773
List the prime factors of 51090670.
2, 5, 5109067
What are the prime factors of 5779862795?
5, 7, 19, 53, 163991
What are the prime factors of 107558355?
3, 5, 257, 27901
What are the prime factors of 585266602?
2, 23, 79, 161053
List the prime factors of 262409097.
3, 87469699
What are the prime factors of 27441792?
2, 3, 7, 41, 83
What are the prime factors of 89397245?
5, 7, 421, 6067
List the prime factors of 1560836360.
2, 5, 31, 43, 73, 401
List the prime factors of 414764989.
29, 47, 304303
List the prime factors of 11051364.
2, 3, 920947
What are the prime factors of 320975405?
5, 193, 332617
What are the prime factors of 74226116?
2, 3319, 5591
List the prime factors of 1294929781.
19, 68154199
What are the prime factors of 39808754?
2, 19904377
List the prime factors of 46196896.
2, 1443653
List the prime factors of 944366157.
3, 7, 14989939
List the prime factors of 300734197.
7583, 39659
List the prime factors of 290696946.
2, 3, 48449491
What are the prime factors of 1727999854?
2, 7, 123428561
List the prime factors of 1683554730.
2, 3, 5, 11, 13, 392437
List the prime factors of 420426558.
2, 3, 17, 457981
What are the prime factors of 2457624786?
2, 3, 97, 4222723
List the prime factors of 1077461154.
2, 3, 7, 11, 777389
What are the prime factors of 732514299?
3, 11, 22197403
List the prime factors of 8046576.
2, 3, 17, 19, 173
List the prime factors of 744975150.
2, 3, 5, 4966501
List the prime factors of 284757528.
2, 3, 11, 98057
List the prime factors of 94086972.
2, 3, 7, 373361
List the prime factors of 3143357370.
2, 3, 5, 73, 478441
List the prime factors of 21074327.
31, 613, 1109
What are the prime factors of 418902731?
13, 211, 152717
What are the prime factors of 326799044?
2, 11, 13, 307, 1861
What are the prime factors of 284936278?
2, 11, 47, 239, 1153
List the prime factors of 412989242.
2, 23, 83, 4703
List the prime factors of 1275428983.
12791, 99713
What are the prime factors of 1204547980?
2, 5, 5939, 10141
List the prime factors of 2685604986.
2, 3, 11897, 12541
List the prime factors of 2306121325.
5, 29, 613, 5189
List the prime factors of 58958583.
3, 19652861
List the prime factors of 213840174.
2, 3, 19, 41, 45751
What are the prime factors of 779576371?
7, 337, 330469
List the prime factors of 37342749.
3, 29, 429227
What are the prime factors of 66892533?
3, 23, 969457
What are the prime factors of 33693853?
29, 1161857
What are the prime factors of 1980116414?
2, 23, 349, 123341
What are the prime factors of 131056834?
2, 83, 839, 941
What are the prime factors of 179695283?
191, 940813
List the prime factors of 4482557.
4482557
What are the prime factors of 684754461?
3, 76083829
What are the prime factors of 23367680?
2, 5, 7, 163
What are the prime factors of 3290827434?
2, 3, 37, 607, 24421
List the prime factors of 86279831.
11, 23, 341027
What are the prime factors of 1476569826?
2, 3, 107, 766651
List the prime factors of 593937674.
2, 11, 26997167
What are the prime factors of 138564951?
3, 7, 137, 48163
What are the prime factors of 349041176?
2, 11, 47, 84391
What are the prime factors of 93935463?
3, 31311821
What are the prime factors of 290052998?
2, 145026499
What are the prime factors of 1052489250?
2, 3, 5, 467773
List the prime factors of 266172112.
2, 16635757
What are the prime factors of 32186298?
2, 3, 5364383
List the prime factors of 145710716.
2, 47, 775057
What are the prime factors of 49951969?
19, 2629051
What are the prime factors of 56370775?
5, 2254831
List the prime factors of 146403851.
11, 13309441
List the prime factors of 201926444.
2, 127, 397493
What are the prime factors of 80626910?
2, 5, 7, 13, 41, 2161
What are the prime factors of 3356762418?
2, 3, 62162267
List the prime factors of 1483432831.
61, 3581, 6791
List the prime factors of 205009091.
7, 29, 144271
List the prime factors of 179257112.
2, 17, 1318067
What are the prime factors of 2527523609?
13, 229, 65309
List the prime factors of 25955611.
11, 37, 63773
What are the prime factors of 568828549?
568828549
What are the prime factors of 761019121?
761019121
What are the prime factors of 7222304586?
2, 3, 7, 19, 103, 87869
What are the prime factors of 3821401503?
3, 59, 163, 14717
What are the prime factors of 11987454?
2, 3, 43, 97, 479
What are the prime factors of 3720245037?
3, 1597, 776507
What are the prime factors of 2165995094?
2, 29, 47, 794569
What are the prime factors of 264805405?
5, 379, 139739
What are the prime factors of 357989074?
2, 178994537
List the prime factors of 118433658.
2, 3, 7, 499, 5651
What are the prime factors of 1220504822?
2, 257, 2374523
List the prime factors of 2760457.
7, 31, 12721
List the prime 